n divisor of 1432 and q?
8
Let w = 87 + 144. Let x be 315/(-20)*52/(-39). What is the highest common divisor of x and w?
21
Let r be 134/(-3)*-8 + (-6)/18. Suppose 0 = 5*k - 5*v - 210, v + 23 - 149 = -3*k. Calculate the greatest common factor of k and r.
21
Let g = 99 - -48. Suppose -23*o = -16*o - g. Let i be -168*1*(-2)/2. Calculate the greatest common divisor of i and o.
21
Suppose -2*x + 7*x = -295. Let a = 65 + x. Let t be -23*(4/a)/(4/(-6)). Calculate the highest common divisor of 92 and t.
23
Let i = 4 + -1. Let t = i + 9. Suppose -339*p - 3989 = -48737. What is the greatest common divisor of t and p?
12
Suppose 0 = -2*z - 10, 2*u - 109 + 229 = -2*z. Suppose 0 = 2*s - 208 - 52. Let a = u + s. What is the highest common factor of 50 and a?
25
Suppose 0*y - r + 5 = -2*y, -5*y + 4*r - 11 = 0. Let q(i) = -i + 5. Let t be q(y). Calculate the highest common factor of t and 4.
4
Let z be (-72)/15*(-20)/8. What is the highest common divisor of 564 and z?
12
Suppose 6*z = 209 - 107. Suppose -1902 = -z*s + 1294. Calculate the highest common divisor of s and 141.
47
Let j(f) = -12*f + 277. Let z be j(23). Suppose -y = -z, -2*o + 4*y - 5*y + 687 = 0. Calculate the highest common factor of 49 and o.
49
Suppose -2*i + j + 6 = 2*j, 0 = -5*i - 4*j + 18. Suppose i*s - 15 = 1. Suppose 0 = -9*c + s*c + 10. Calculate the highest common divisor of c and 30.
10
Let v be (3 - 24/6)*1 + 240. Suppose 4*h - v = -m, h + 0*m - 4*m = 64. Calculate the highest common divisor of 180 and h.
60
Let c(z) = z**3 + 7*z**2 - 13*z + 8. Let k be c(-8). Calculate the greatest common factor of k and 1416.
24
Let q(w) = w**2 + 44*w + 120. Let g be q(-41). Let s be 15 + (84/4)/g. Calculate the greatest common factor of 24 and s.
8
Let x = 17758 - 9911. Calculate the greatest common factor of 266 and x.
133
Suppose 16*k - 14*k - 524 = -3*p, 3*k - 814 = -p. Calculate the greatest common divisor of k and 38.
2
Let p(n) = -n**3 - 9*n**2 - 20*n - 41. Let z be p(-7). Let g(o) = 320*o**3 + 2*o**2 - 2*o. Let s be g(z). Calculate the highest common factor of 10 and s.
10
Let q = 172 - 163. Let y(f) = 2*f**3 + 61*f**2 + 22*f + 39. Let l be y(-30). Calculate the highest common divisor of l and q.
9
Suppose 8*s = 2101 + 1675. Let t = 546 - s. Calculate the greatest common divisor of 148 and t.
74
Let f = 21176 - 21034. Calculate the greatest common factor of f and 148.
2
Let p = 47248 - 39700. What is the greatest common factor of 612 and p?
204
Suppose -8*r + 18 = -14. Suppose r*n = -87 + 107. What is the highest common divisor of 115 and n?
5
Let u(m) = -m + 15. Let o be u(0). Suppose a = -5*q - 2*a + 50, 4*q + 2*a - 40 = 0. Calculate the greatest common factor of o and q.
5
Let u be -5*1 + 8122/62 + -70. Let n be (-2 - (14 + -2))*-5. What is the greatest common factor of n and u?
14
Let c be (1434 - -8) + -5 + 18. What is the highest common factor of 15 and c?
15
Let z(o) = 7*o + 1434. Let a be z(-62). What is the highest common factor of 160 and a?
40
Suppose -4*p - 251*a = -246*a - 7065, -8785 = -5*p + 3*a. What is the highest common divisor of 55 and p?
55
Let g be (12354/(-10))/((-1224)/4080). What is the greatest common factor of 58 and g?
58
Let x(u) = -4*u - 10. Let f be x(-4). Suppose -f*b = -8*b + 192. Let p(v) = -v**2 - 24*v - 31. Let l be p(-19). What is the greatest common factor of l and b?
32
Let k = -1461 - -1511. Let p be 2/2 - -1*14. Let g = 5 + p. What is the highest common divisor of k and g?
10
Let p(k) = 328*k**2 - k + 2. Let f be p(1). Let q be (4/1 - 3) + 5. Suppose f = a + q*a. What is the greatest common factor of a and 376?
47
Let r(i) = -i**2 + 4*i + 28. Let o be r(7). Let y be 107/2 + 2 + o/(-14). Calculate the greatest common divisor of y and 25.
5
Let a(g) = g**3 + 3*g**2 - 7*g + 40. Let v be a(0). What is the highest common factor of v and 1112?
8
Let c be (-2 + 1 - -16) + -1. Let l be 6 + 3/(-1) + (-20 - -16). Let h be (-2 + 3)*(-7 - l - -20). Calculate the highest common divisor of h and c.
14
Let l = -1984 + 2356. What is the greatest common factor of l and 192?
12
Let y(r) = 1388*r**2 - 43*r - 44. Let a be y(-1). What is the greatest common factor of 438 and a?
73
Suppose 0 = -a - 7*l + 9*l + 14, 0 = -2*a - l + 8. Suppose -a*n - 4*n + 280 = 0. Calculate the greatest common factor of 7 and n.
7
Suppose 0 = -l + 2*d + 78, 10*l + 4*d = 15*l - 390. Calculate the highest common divisor of l and 5.
1
Let y be (516/9)/((-2)/(-9) + (-508)/(-11430)). Let p be 3*57 - -1*1. What is the highest common divisor of p and y?
43
Suppose l = 172 + 30. Let v be (-1)/(-2)*l - 1. Suppose b = -4*r + 200, 0 = r - 3*r - b + v. What is the greatest common factor of r and 75?
25
Suppose -201*w + 344 = 4*k - 204*w, 5*k - 3*w = 424. Suppose -h - 11 = -75. What is the greatest common divisor of k and h?
16
Let b be 6/((27/4)/9). Let s(m) = m**2 + 13*m - 2. Let x be s(-15). Let u = x - 16. Calculate the highest common factor of b and u.
4
Let s(d) = 13*d**2 + d - 9. Let f be s(4). Let p(x) = 8*x**2 + 61*x - 17. Let l be p(-8). What is the greatest common factor of l and f?
7
Suppose 0 = 6*h + 8*h - 1652. Let n be h - (19 - 8) - (1 + 1). Suppose -o + 18 = 3. Calculate the greatest common divisor of o and n.
15
Let i = 709 + 550. Let m = -737 + i. What is the greatest common divisor of m and 18?
18
Suppose 406054 = 29*y + 74410. Calculate the greatest common divisor of y and 12.
12
Let h(n) = -n**2 - 2*n + 16. Let o be h(-6). Let l = 16 + o. Let w be 15411/132 + 1/l*2. What is the highest common factor of w and 13?
13
Let r(m) = -7*m - 13. Let v be r(-2). Let x be -2 + v + 98 - (31 + -34). Calculate the highest common factor of x and 4.
4
Suppose -99696 = -59*s - 75*s. What is the highest common divisor of 155 and s?
31
Let j(v) = v**3 - 4*v**2 + 17*v - 16. Let p be j(4). Calculate the highest common divisor of p and 169.
13
Let x = -55 + 188. Let p(y) = 368*y**2 + 8*y - 4. Let l be p(1). Let k = l - 353. Calculate the greatest common divisor of x and k.
19
Suppose 35*y = 4*y + 868. Calculate the highest common divisor of y and 875.
7
Suppose -a - 2*a + 23 = -4*w, -4*w - 32 = -4*a. Suppose -2*c + 319 = a*c. What is the greatest common divisor of 29 and c?
29
Let q be 14/35 + 374/40 + 33/(-44). What is the highest common divisor of 279 and q?
9
Let b(d) = 7*d**2 - d + 1. Let a be b(-9). Let u = -346 + a. Calculate the greatest common divisor of u and 33.
33
Suppose 10*s - 100 = 5*s. Suppose -s*a = 257 - 857. What is the greatest common divisor of 270 and a?
30
Let f = -413 - -343. Let b be 2*(-10)/(f/21). Calculate the greatest common factor of b and 54.
6
Let c(t) = -t + 23. Let v be c(12). Let o be (-33)/v - (-43)/(-1). Let l = 30 - o. What is the greatest common factor of l and 190?
38
Suppose -22 = -r - h, r = 5*r + 5*h - 90. Suppose 9*m - 10*m + r = 0. Calculate the greatest common divisor of 20 and m.
20
Let p be ((-280)/(-24))/(15*(-10)/(-270)). What is the greatest common divisor of 4767 and p?
21
Let n be 0/(-1) + -2 + 177. Suppose 253*w - 12000 = -227*w. What is the highest common divisor of w and n?
25
Suppose -36*o - 8 = -44. Suppose 0 = 4*l - 7*l + 2*k - 5, 4 = -4*l + 2*k. What is the highest common factor of l and o?
1
Let a = -29 + 30. Let w = 10 - a. Suppose 2*n = -3*i + 193, 4*i + 5*n - 267 = -5. Calculate the greatest common factor of i and w.
9
Suppose 0 = -3*s + s + 4. Suppose 552 = 9*v - 42. Let w be 32/(-24)*v/(-4). What is the highest common divisor of w and s?
2
Let d be -4 - (15 - 9) - -23. Calculate the highest common factor of 3107 and d.
13
Let s(a) = -10*a - 457. Let g be s(-71). Calculate the greatest common factor of g and 781.
11
Suppose 0 = c - 2*q, -1 = 2*c - 5*q + 3. Suppose c*y - 9*y - 8 = -4*u, -3*y = u - 41. Suppose 4*i - 224 = 88. What is the greatest common divisor of i and y?
6
Let y be (-1)/(1/3) + (-782)/391 - -97. Calculate the highest common factor of y and 524.
4
Let z = 65 + -61. Suppose 0 = -r + 34 - 10. Suppose 0 = q - z*q + r. What is the greatest common divisor of 56 and q?
8
Let q(i) = -i**2 - 9*i + 237. Let r(d) = 2*d**2 + 18*d - 477. Let c(s) = 7*q(s) + 3*r(s). Let h be c(-19). What is the highest common factor of 209 and h?
19
Let n be -15*(88/170 + (-10)/85). Let t be 128/4 + (-3)/n*8. What is the highest common factor of t a